{"id":222,"date":"2019-03-04T09:08:31","date_gmt":"2019-03-04T09:08:31","guid":{"rendered":"https:\/\/dor.qodeinteractive.com\/?page_id=222"},"modified":"2025-10-21T19:34:50","modified_gmt":"2025-10-21T19:34:50","slug":"nosotros","status":"publish","type":"page","link":"https:\/\/wedo-studio.com\/esp\/nosotros\/","title":{"rendered":"Somos WEDO Studio"},"content":{"rendered":"<div class=\"wpb-content-wrapper\"><p>[vc_row row_content_width=\u00bbgrid\u00bb css=\u00bb.vc_custom_1756107201037{padding-top: 32px !important;padding-bottom: 32px !important;}\u00bb][vc_column][vc_column_text css=\u00bb.vc_custom_1756107990366{padding-bottom: 22px !important;}\u00bb]<\/p>\n<h4 style=\"text-align: center;\">NUESTRO PROPOSITO<\/h4>\n<p>[\/vc_column_text][vc_column_text css=\u00bb\u00bb]Combinamos creatividad, precisi\u00f3n t\u00e9cnica y tecnolog\u00eda para desarrollar espacios comerciales que no solo se ven bien, sino que funcionan como herramientas<br \/>\nreales de posicionamiento, venta y expansi\u00f3n.<\/p>\n<p>Nuestra experiencia en el sector retail y en el trabajo con franquicias nos permite ofrecer soluciones integrales, desde el primer boceto hasta la entrega final de<br \/>\nobra. Cada proyecto refleja nuestro compromiso con la identidad de marca, la eficiencia en la ejecuci\u00f3n y la excelencia en los detalles.[\/vc_column_text][\/vc_column][\/vc_row][vc_row row_content_width=\u00bbgrid\u00bb][vc_column][vc_column_text css=\u00bb\u00bb]<\/p>\n<h4 style=\"text-align: center;\">NUESTROS VALORES<\/h4>\n<p>[\/vc_column_text][\/vc_column][\/vc_row][vc_row row_content_width=\u00bbgrid\u00bb css=\u00bb.vc_custom_1756107395064{padding-top: 32px !important;padding-bottom: 32px !important;}\u00bb][vc_column offset=\u00bbvc_col-lg-4 vc_col-md-4&#8243;]<div class=\"mkdf-elements-holder   mkdf-one-column  mkdf-responsive-mode-768 \" ><div class=\"mkdf-eh-item    \"  data-item-class=\"mkdf-eh-custom-9878\" data-1025-1366=\"0px 0px 0px 0px\" data-769-1024=\"0px 2px 0px 13px\" data-681-768=\"0px 50px 0px 0px\" data-680=\"0px 11px 0px 0px\">\n\t<div class=\"mkdf-eh-item-inner\">\n\t\t<div class=\"mkdf-eh-item-content mkdf-eh-custom-9878\" style=\"padding: 0px 50px 0px 13px\">\n\t\t\t<div class=\"mkdf-iwt clearfix   mkdf-iwt-icon-left mkdf-iwt-icon-medium\">\n\t<div class=\"mkdf-iwt-icon\">\n\t\t\t\t\t<a itemprop=\"url\" href=\"#\" target=\"_self\">\n\t\t\t\t\t\t\t\t\t    <span class=\"mkdf-icon-shortcode mkdf-normal   mkdf-icon-medium\"  data-color=\"#ffffff\">\n                    <span aria-hidden=\"true\" class=\"mkdf-icon-linear-icons lnr lnr-home mkdf-icon-element\" style=\"color: #ffffff;font-size:30px\" ><\/span>            <\/span>\n\t\t\t\t\t\t\t\t<\/a>\n\t\t\t<\/div>\n\t<div class=\"mkdf-iwt-content\" style=\"padding-left: 21px\">\n\t\t\t\t\t<h5 class=\"mkdf-iwt-title\" style=\"margin-top: 5px\">\n\t\t\t\t\t\t\t\t\t<a itemprop=\"url\" href=\"#\" target=\"_self\">\n\t\t\t\t\t\t\t\t<span class=\"mkdf-iwt-title-text\">Visi\u00f3n<\/span>\n\t\t\t\t\t\t\t\t\t<\/a>\n\t\t\t\t\t\t\t<\/h5>\n\t\t\t\t\t\t\t<p class=\"mkdf-iwt-text\" style=\"margin-top: 17px\">Consolidarse como un estudio de referencia en arquitectura comercial para el sector retail a nivel regional y proyectarse internacionalmente, destac\u00e1ndose por la calidad de sus procesos, la innovaci\u00f3n en sus propuestas y el impacto positivo de sus soluciones.<\/p>\n\t\t\t<\/div>\n<\/div>[vc_empty_space height=\u00bb66px\u00bb]\t\t<\/div>\n\t<\/div>\n<\/div><\/div>[\/vc_column][vc_column offset=\u00bbvc_col-lg-4 vc_col-md-4&#8243;]<div class=\"mkdf-elements-holder   mkdf-one-column  mkdf-responsive-mode-768 \" ><div class=\"mkdf-eh-item    \"  data-item-class=\"mkdf-eh-custom-1533\" data-1025-1366=\"0px 0px 0px 0px\" data-769-1024=\"0px 0px 0px 11px\" data-681-768=\"66px 50px 0px 0px\" data-680=\"66px 11px 0px 0px\">\n\t<div class=\"mkdf-eh-item-inner\">\n\t\t<div class=\"mkdf-eh-item-content mkdf-eh-custom-1533\" style=\"padding: 0px 30px 0px 33px\">\n\t\t\t<div class=\"mkdf-iwt clearfix   mkdf-iwt-icon-left mkdf-iwt-icon-medium\">\n\t<div class=\"mkdf-iwt-icon\">\n\t\t\t\t\t<a itemprop=\"url\" href=\"#\" target=\"_self\">\n\t\t\t\t\t\t\t\t\t    <span class=\"mkdf-icon-shortcode mkdf-normal   mkdf-icon-medium\"  data-color=\"#ffffff\">\n                    <span aria-hidden=\"true\" class=\"mkdf-icon-linear-icons lnr lnr-apartment mkdf-icon-element\" style=\"color: #ffffff;font-size:30px\" ><\/span>            <\/span>\n\t\t\t\t\t\t\t\t<\/a>\n\t\t\t<\/div>\n\t<div class=\"mkdf-iwt-content\" style=\"padding-left: 21px\">\n\t\t\t\t\t<h5 class=\"mkdf-iwt-title\" style=\"margin-top: 5px\">\n\t\t\t\t\t\t\t\t\t<a itemprop=\"url\" href=\"#\" target=\"_self\">\n\t\t\t\t\t\t\t\t<span class=\"mkdf-iwt-title-text\">Misi\u00f3n<\/span>\n\t\t\t\t\t\t\t\t\t<\/a>\n\t\t\t\t\t\t\t<\/h5>\n\t\t\t\t\t\t\t<p class=\"mkdf-iwt-text\" style=\"margin-top: 17px\">Dise\u00f1ar y ejecutar espacios comerciales que fortalezcan la experiencia de marca, integrando arquitectura, tecnolog\u00eda y estrategia para ofrecer soluciones funcionales, est\u00e9ticas y alineadas a los objetivos de cada cliente.<\/p>\n\t\t\t<\/div>\n<\/div>[vc_empty_space height=\u00bb66px\u00bb]\t\t<\/div>\n\t<\/div>\n<\/div><\/div>[\/vc_column][vc_column offset=\u00bbvc_col-lg-4 vc_col-md-4&#8243;]<div class=\"mkdf-elements-holder   mkdf-one-column  mkdf-responsive-mode-768 \" ><div class=\"mkdf-eh-item    \"  data-item-class=\"mkdf-eh-custom-9581\" data-1025-1366=\"0px 0px 0px 0px\" data-769-1024=\"0px 9px 0px 0px\" data-681-768=\"68px 50px 0px 0px\" data-680=\"66px 11px 0px 0px\">\n\t<div class=\"mkdf-eh-item-inner\">\n\t\t<div class=\"mkdf-eh-item-content mkdf-eh-custom-9581\" style=\"padding: 0px 30px 0px 37px\">\n\t\t\t<div class=\"mkdf-iwt clearfix   mkdf-iwt-icon-left mkdf-iwt-icon-medium\">\n\t<div class=\"mkdf-iwt-icon\">\n\t\t\t\t\t<a itemprop=\"url\" href=\"#\" target=\"_self\">\n\t\t\t\t\t\t\t\t\t    <span class=\"mkdf-icon-shortcode mkdf-normal   mkdf-icon-medium\"  data-color=\"#ffffff\">\n                    <span aria-hidden=\"true\" class=\"mkdf-icon-linear-icons lnr lnr-earth mkdf-icon-element\" style=\"color: #ffffff;font-size:30px\" ><\/span>            <\/span>\n\t\t\t\t\t\t\t\t<\/a>\n\t\t\t<\/div>\n\t<div class=\"mkdf-iwt-content\" style=\"padding-left: 21px\">\n\t\t\t\t\t<h5 class=\"mkdf-iwt-title\" style=\"margin-top: 5px\">\n\t\t\t\t\t\t\t\t\t<a itemprop=\"url\" href=\"#\" target=\"_self\">\n\t\t\t\t\t\t\t\t<span class=\"mkdf-iwt-title-text\">Prop\u00f3sito de Marca<\/span>\n\t\t\t\t\t\t\t\t\t<\/a>\n\t\t\t\t\t\t\t<\/h5>\n\t\t\t\t\t\t\t<p class=\"mkdf-iwt-text\" style=\"margin-top: 17px\">Transformar ideas en espacios que conectan, comunican y venden. Crear arquitectura comercial que inspire, potencie marcas y mejore la experiencia de las personas.<\/p>\n\t\t\t<\/div>\n<\/div>[vc_empty_space height=\u00bb66px\u00bb]\t\t<\/div>\n\t<\/div>\n<\/div><\/div>[\/vc_column][\/vc_row]<\/p>\n<\/div>","protected":false},"excerpt":{"rendered":"<p>[vc_row row_content_width=\u00bbgrid\u00bb css=\u00bb.vc_custom_1756107201037{padding-top: 32px !important;padding-bottom: 32px !important;}\u00bb][vc_column][vc_column_text css=\u00bb.vc_custom_1756107990366{padding-bottom: 22px !important;}\u00bb] NUESTRO PROPOSITO [\/vc_column_text][vc_column_text css=\u00bb\u00bb]Combinamos creatividad, precisi\u00f3n t\u00e9cnica y tecnolog\u00eda para desarrollar espacios comerciales que no solo se ven bien, sino que funcionan como herramientas reales de posicionamiento, venta y expansi\u00f3n. [&hellip;]<\/p>\n","protected":false},"author":2,"featured_media":0,"parent":0,"menu_order":0,"comment_status":"closed","ping_status":"closed","template":"full-width.php","meta":{"footnotes":""},"class_list":["post-222","page","type-page","status-publish","hentry"],"yoast_head":"<!-- This site is optimized with the Yoast SEO plugin v26.3 - https:\/\/yoast.com\/wordpress\/plugins\/seo\/ -->\n<title>Somos WEDO Studio - WEDO Studio<\/title>\n<meta name=\"robots\" content=\"index, follow, max-snippet:-1, max-image-preview:large, max-video-preview:-1\" \/>\n<link rel=\"canonical\" href=\"https:\/\/wedo-studio.com\/esp\/nosotros\/\" \/>\n<meta property=\"og:locale\" content=\"es_ES\" \/>\n<meta property=\"og:type\" content=\"article\" \/>\n<meta property=\"og:title\" content=\"Somos WEDO Studio - WEDO Studio\" \/>\n<meta property=\"og:description\" content=\"[vc_row row_content_width=\u00bbgrid\u00bb css=\u00bb.vc_custom_1756107201037{padding-top: 32px !important;padding-bottom: 32px !important;}\u00bb][vc_column][vc_column_text css=\u00bb.vc_custom_1756107990366{padding-bottom: 22px !important;}\u00bb] NUESTRO PROPOSITO [\/vc_column_text][vc_column_text css=\u00bb\u00bb]Combinamos creatividad, precisi\u00f3n t\u00e9cnica y tecnolog\u00eda para desarrollar espacios comerciales que no solo se ven bien, sino que funcionan como herramientas reales de posicionamiento, venta y expansi\u00f3n. [&hellip;]\" \/>\n<meta property=\"og:url\" content=\"https:\/\/wedo-studio.com\/esp\/nosotros\/\" \/>\n<meta property=\"og:site_name\" content=\"WEDO Studio\" \/>\n<meta property=\"article:modified_time\" content=\"2025-10-21T19:34:50+00:00\" \/>\n<meta name=\"twitter:card\" content=\"summary_large_image\" \/>\n<meta name=\"twitter:label1\" content=\"Tiempo de lectura\" \/>\n\t<meta name=\"twitter:data1\" content=\"3 minutos\" \/>\n<script type=\"application\/ld+json\" class=\"yoast-schema-graph\">{\"@context\":\"https:\/\/schema.org\",\"@graph\":[{\"@type\":\"WebPage\",\"@id\":\"https:\/\/wedo-studio.com\/esp\/nosotros\/\",\"url\":\"https:\/\/wedo-studio.com\/esp\/nosotros\/\",\"name\":\"Somos WEDO Studio - WEDO Studio\",\"isPartOf\":{\"@id\":\"https:\/\/wedo-studio.com\/esp\/#website\"},\"datePublished\":\"2019-03-04T09:08:31+00:00\",\"dateModified\":\"2025-10-21T19:34:50+00:00\",\"breadcrumb\":{\"@id\":\"https:\/\/wedo-studio.com\/esp\/nosotros\/#breadcrumb\"},\"inLanguage\":\"es\",\"potentialAction\":[{\"@type\":\"ReadAction\",\"target\":[\"https:\/\/wedo-studio.com\/esp\/nosotros\/\"]}]},{\"@type\":\"BreadcrumbList\",\"@id\":\"https:\/\/wedo-studio.com\/esp\/nosotros\/#breadcrumb\",\"itemListElement\":[{\"@type\":\"ListItem\",\"position\":1,\"name\":\"Portada\",\"item\":\"https:\/\/wedo-studio.com\/esp\/\"},{\"@type\":\"ListItem\",\"position\":2,\"name\":\"Somos WEDO Studio\"}]},{\"@type\":\"WebSite\",\"@id\":\"https:\/\/wedo-studio.com\/esp\/#website\",\"url\":\"https:\/\/wedo-studio.com\/esp\/\",\"name\":\"WEDO Studio\",\"description\":\"Dise\u00f1o Arquitect\u00f3nico Comercial | Gesti\u00f3n y Producci\u00f3n BIM | Renders &amp; Animaciones 3D\",\"potentialAction\":[{\"@type\":\"SearchAction\",\"target\":{\"@type\":\"EntryPoint\",\"urlTemplate\":\"https:\/\/wedo-studio.com\/esp\/?s={search_term_string}\"},\"query-input\":{\"@type\":\"PropertyValueSpecification\",\"valueRequired\":true,\"valueName\":\"search_term_string\"}}],\"inLanguage\":\"es\"}]}<\/script>\n<!-- \/ Yoast SEO plugin. -->","yoast_head_json":{"title":"Somos WEDO Studio - WEDO Studio","robots":{"index":"index","follow":"follow","max-snippet":"max-snippet:-1","max-image-preview":"max-image-preview:large","max-video-preview":"max-video-preview:-1"},"canonical":"https:\/\/wedo-studio.com\/esp\/nosotros\/","og_locale":"es_ES","og_type":"article","og_title":"Somos WEDO Studio - WEDO Studio","og_description":"[vc_row row_content_width=\u00bbgrid\u00bb css=\u00bb.vc_custom_1756107201037{padding-top: 32px !important;padding-bottom: 32px !important;}\u00bb][vc_column][vc_column_text css=\u00bb.vc_custom_1756107990366{padding-bottom: 22px !important;}\u00bb] NUESTRO PROPOSITO [\/vc_column_text][vc_column_text css=\u00bb\u00bb]Combinamos creatividad, precisi\u00f3n t\u00e9cnica y tecnolog\u00eda para desarrollar espacios comerciales que no solo se ven bien, sino que funcionan como herramientas reales de posicionamiento, venta y expansi\u00f3n. [&hellip;]","og_url":"https:\/\/wedo-studio.com\/esp\/nosotros\/","og_site_name":"WEDO Studio","article_modified_time":"2025-10-21T19:34:50+00:00","twitter_card":"summary_large_image","twitter_misc":{"Tiempo de lectura":"3 minutos"},"schema":{"@context":"https:\/\/schema.org","@graph":[{"@type":"WebPage","@id":"https:\/\/wedo-studio.com\/esp\/nosotros\/","url":"https:\/\/wedo-studio.com\/esp\/nosotros\/","name":"Somos WEDO Studio - WEDO Studio","isPartOf":{"@id":"https:\/\/wedo-studio.com\/esp\/#website"},"datePublished":"2019-03-04T09:08:31+00:00","dateModified":"2025-10-21T19:34:50+00:00","breadcrumb":{"@id":"https:\/\/wedo-studio.com\/esp\/nosotros\/#breadcrumb"},"inLanguage":"es","potentialAction":[{"@type":"ReadAction","target":["https:\/\/wedo-studio.com\/esp\/nosotros\/"]}]},{"@type":"BreadcrumbList","@id":"https:\/\/wedo-studio.com\/esp\/nosotros\/#breadcrumb","itemListElement":[{"@type":"ListItem","position":1,"name":"Portada","item":"https:\/\/wedo-studio.com\/esp\/"},{"@type":"ListItem","position":2,"name":"Somos WEDO Studio"}]},{"@type":"WebSite","@id":"https:\/\/wedo-studio.com\/esp\/#website","url":"https:\/\/wedo-studio.com\/esp\/","name":"WEDO Studio","description":"Dise\u00f1o Arquitect\u00f3nico Comercial | Gesti\u00f3n y Producci\u00f3n BIM | Renders &amp; Animaciones 3D","potentialAction":[{"@type":"SearchAction","target":{"@type":"EntryPoint","urlTemplate":"https:\/\/wedo-studio.com\/esp\/?s={search_term_string}"},"query-input":{"@type":"PropertyValueSpecification","valueRequired":true,"valueName":"search_term_string"}}],"inLanguage":"es"}]}},"_links":{"self":[{"href":"https:\/\/wedo-studio.com\/esp\/wp-json\/wp\/v2\/pages\/222","targetHints":{"allow":["GET"]}}],"collection":[{"href":"https:\/\/wedo-studio.com\/esp\/wp-json\/wp\/v2\/pages"}],"about":[{"href":"https:\/\/wedo-studio.com\/esp\/wp-json\/wp\/v2\/types\/page"}],"author":[{"embeddable":true,"href":"https:\/\/wedo-studio.com\/esp\/wp-json\/wp\/v2\/users\/2"}],"replies":[{"embeddable":true,"href":"https:\/\/wedo-studio.com\/esp\/wp-json\/wp\/v2\/comments?post=222"}],"version-history":[{"count":27,"href":"https:\/\/wedo-studio.com\/esp\/wp-json\/wp\/v2\/pages\/222\/revisions"}],"predecessor-version":[{"id":4680,"href":"https:\/\/wedo-studio.com\/esp\/wp-json\/wp\/v2\/pages\/222\/revisions\/4680"}],"wp:attachment":[{"href":"https:\/\/wedo-studio.com\/esp\/wp-json\/wp\/v2\/media?parent=222"}],"curies":[{"name":"wp","href":"https:\/\/api.w.org\/{rel}","templated":true}]}}