{"id":461,"date":"2019-03-04T14:40:42","date_gmt":"2019-03-04T14:40:42","guid":{"rendered":"https:\/\/dor.qodeinteractive.com\/?page_id=461"},"modified":"2025-08-29T14:59:44","modified_gmt":"2025-08-29T14:59:44","slug":"contacto","status":"publish","type":"page","link":"https:\/\/wedo-studio.com\/esp\/contacto\/","title":{"rendered":"Contacto"},"content":{"rendered":"<div class=\"wpb-content-wrapper\"><p>[vc_row row_content_width=\u00bbgrid\u00bb][vc_column offset=\u00bbvc_col-lg-6 vc_col-md-6&#8243; css=\u00bb.vc_custom_1554194794415{padding-right: 0px !important;}\u00bb][vc_empty_space height=\u00bb64px\u00bb][vc_empty_space height=\u00bb64px\u00bb][\/vc_column][\/vc_row][vc_row row_content_width=\u00bbgrid\u00bb][vc_column offset=\u00bbvc_col-lg-6 vc_col-md-6&#8243; css=\u00bb.vc_custom_1554194794415{padding-right: 0px !important;}\u00bb][vc_empty_space]<div class=\"mkdf-elements-holder   mkdf-one-column  mkdf-responsive-mode-768 \" ><div class=\"mkdf-eh-item    \"  data-item-class=\"mkdf-eh-custom-8196\" data-681-768=\"0px 15px 0px 0px\" data-680=\"0px 15px 0px 0px\">\n\t<div class=\"mkdf-eh-item-inner\">\n\t\t<div class=\"mkdf-eh-item-content mkdf-eh-custom-8196\" style=\"padding: 0px 0px 130px\">\n\t\t\t\n<div class=\"wpcf7 no-js\" id=\"wpcf7-f4681-o1\" lang=\"en-US\" dir=\"ltr\" data-wpcf7-id=\"4681\">\n<div class=\"screen-reader-response\"><p role=\"status\" aria-live=\"polite\" aria-atomic=\"true\"><\/p> <ul><\/ul><\/div>\n<form action=\"\/esp\/wp-json\/wp\/v2\/pages\/461#wpcf7-f4681-o1\" method=\"post\" class=\"wpcf7-form init\" aria-label=\"Contact form\" novalidate=\"novalidate\" data-status=\"init\">\n<fieldset class=\"hidden-fields-container\"><input type=\"hidden\" name=\"_wpcf7\" value=\"4681\" \/><input type=\"hidden\" name=\"_wpcf7_version\" value=\"6.1.1\" \/><input type=\"hidden\" name=\"_wpcf7_locale\" value=\"en_US\" \/><input type=\"hidden\" name=\"_wpcf7_unit_tag\" value=\"wpcf7-f4681-o1\" \/><input type=\"hidden\" name=\"_wpcf7_container_post\" value=\"0\" \/><input type=\"hidden\" name=\"_wpcf7_posted_data_hash\" value=\"\" \/>\n<\/fieldset>\n<div class=\"mkdf-cf-custom-style\">\n\t<p><span class=\"wpcf7-form-control-wrap\" data-name=\"your-message\"><textarea cols=\"40\" rows=\"6\" maxlength=\"2000\" class=\"wpcf7-form-control wpcf7-textarea\" aria-invalid=\"false\" placeholder=\"Escriba su mensaje...\" name=\"your-message\"><\/textarea><\/span><br \/>\n<span class=\"wpcf7-form-control-wrap\" data-name=\"your-name\"><input size=\"40\" maxlength=\"400\" class=\"wpcf7-form-control wpcf7-text wpcf7-validates-as-required\" aria-required=\"true\" aria-invalid=\"false\" placeholder=\"Nombre\" value=\"\" type=\"text\" name=\"your-name\" \/><\/span><br \/>\n<span class=\"wpcf7-form-control-wrap\" data-name=\"your-email\"><input size=\"40\" maxlength=\"400\" class=\"wpcf7-form-control wpcf7-email wpcf7-validates-as-required wpcf7-text wpcf7-validates-as-email\" aria-required=\"true\" aria-invalid=\"false\" placeholder=\"Email\" value=\"\" type=\"email\" name=\"your-email\" \/><\/span>\n\t<\/p>\n\t<div class=\"mkdf-cf-custom-style-btn\">\n\t\t<p><button type=\"submit\" class=\"mkdf-btn mkdf-btn-simple\">Enviar<\/button>\n\t\t<\/p>\n\t<\/div>\n<\/div><div class=\"wpcf7-response-output\" aria-hidden=\"true\"><\/div>\n<\/form>\n<\/div>\n\t\t<\/div>\n\t<\/div>\n<\/div><\/div>[\/vc_column][vc_column offset=\u00bbvc_col-lg-6 vc_col-md-6&#8243;]<div class=\"mkdf-elements-holder   mkdf-two-columns  mkdf-responsive-mode-480 \" ><div class=\"mkdf-eh-item    \"  data-item-class=\"mkdf-eh-custom-6173\" data-769-1024=\"37px 0px 0px 17px\" data-681-768=\"37px 0px 96px 0px\" data-680=\"37px 0px 0px 0px\">\n\t<div class=\"mkdf-eh-item-inner\">\n\t\t<div class=\"mkdf-eh-item-content mkdf-eh-custom-6173\" style=\"padding: 37px 0px 0px 84px\">\n\t\t\t[vc_column_text css=\u00bb\u00bb el_class=\u00bbcontact-us-info\u00bb]<\/p>\n<h3 style=\"margin-top: -11px;\"><strong>HABLEMOS<\/strong><\/h3>\n<p>[\/vc_column_text][vc_separator align=\u00bbalign_left\u00bb el_width=\u00bb10&#8243; css=\u00bb.vc_custom_1756226858584{padding-top: 10px !important;padding-bottom: 10px !important;}\u00bb][vc_column_text css=\u00bb\u00bb]De la idea a la realidad: dise\u00f1amos y construimos<br \/>\ntu espacio comercial.<br \/>\nImpulsamos tu marca con proyectos que generan<br \/>\nresultados.[\/vc_column_text]\t\t<\/div>\n\t<\/div>\n<\/div><\/div>[\/vc_column][\/vc_row]<\/p>\n<\/div>","protected":false},"excerpt":{"rendered":"<p>[vc_row row_content_width=\u00bbgrid\u00bb][vc_column offset=\u00bbvc_col-lg-6 vc_col-md-6&#8243; css=\u00bb.vc_custom_1554194794415{padding-right: 0px !important;}\u00bb][vc_empty_space height=\u00bb64px\u00bb][vc_empty_space height=\u00bb64px\u00bb][\/vc_column][\/vc_row][vc_row row_content_width=\u00bbgrid\u00bb][vc_column offset=\u00bbvc_col-lg-6 vc_col-md-6&#8243; css=\u00bb.vc_custom_1554194794415{padding-right: 0px !important;}\u00bb][vc_empty_space][\/vc_column][vc_column offset=\u00bbvc_col-lg-6 vc_col-md-6&#8243;][\/vc_column][\/vc_row]<\/p>\n","protected":false},"author":2,"featured_media":0,"parent":0,"menu_order":0,"comment_status":"closed","ping_status":"closed","template":"full-width.php","meta":{"footnotes":""},"class_list":["post-461","page","type-page","status-publish","hentry"],"yoast_head":"<!-- This site is optimized with the Yoast SEO plugin v26.3 - https:\/\/yoast.com\/wordpress\/plugins\/seo\/ -->\n<title>Contacto - WEDO Studio<\/title>\n<meta name=\"robots\" content=\"index, follow, max-snippet:-1, max-image-preview:large, max-video-preview:-1\" \/>\n<link rel=\"canonical\" href=\"https:\/\/wedo-studio.com\/esp\/contacto\/\" \/>\n<meta property=\"og:locale\" content=\"es_ES\" \/>\n<meta property=\"og:type\" content=\"article\" \/>\n<meta property=\"og:title\" content=\"Contacto - WEDO Studio\" \/>\n<meta property=\"og:description\" content=\"[vc_row row_content_width=\u00bbgrid\u00bb][vc_column offset=\u00bbvc_col-lg-6 vc_col-md-6&#8243; css=\u00bb.vc_custom_1554194794415{padding-right: 0px !important;}\u00bb][vc_empty_space height=\u00bb64px\u00bb][vc_empty_space height=\u00bb64px\u00bb][\/vc_column][\/vc_row][vc_row row_content_width=\u00bbgrid\u00bb][vc_column offset=\u00bbvc_col-lg-6 vc_col-md-6&#8243; css=\u00bb.vc_custom_1554194794415{padding-right: 0px !important;}\u00bb][vc_empty_space][\/vc_column][vc_column offset=\u00bbvc_col-lg-6 vc_col-md-6&#8243;][\/vc_column][\/vc_row]\" \/>\n<meta property=\"og:url\" content=\"https:\/\/wedo-studio.com\/esp\/contacto\/\" \/>\n<meta property=\"og:site_name\" content=\"WEDO Studio\" \/>\n<meta property=\"article:modified_time\" content=\"2025-08-29T14:59:44+00:00\" \/>\n<meta name=\"twitter:card\" content=\"summary_large_image\" \/>\n<meta name=\"twitter:label1\" content=\"Tiempo de lectura\" \/>\n\t<meta name=\"twitter:data1\" content=\"1 minuto\" \/>\n<script type=\"application\/ld+json\" class=\"yoast-schema-graph\">{\"@context\":\"https:\/\/schema.org\",\"@graph\":[{\"@type\":\"WebPage\",\"@id\":\"https:\/\/wedo-studio.com\/esp\/contacto\/\",\"url\":\"https:\/\/wedo-studio.com\/esp\/contacto\/\",\"name\":\"Contacto - WEDO Studio\",\"isPartOf\":{\"@id\":\"https:\/\/wedo-studio.com\/esp\/#website\"},\"datePublished\":\"2019-03-04T14:40:42+00:00\",\"dateModified\":\"2025-08-29T14:59:44+00:00\",\"breadcrumb\":{\"@id\":\"https:\/\/wedo-studio.com\/esp\/contacto\/#breadcrumb\"},\"inLanguage\":\"es\",\"potentialAction\":[{\"@type\":\"ReadAction\",\"target\":[\"https:\/\/wedo-studio.com\/esp\/contacto\/\"]}]},{\"@type\":\"BreadcrumbList\",\"@id\":\"https:\/\/wedo-studio.com\/esp\/contacto\/#breadcrumb\",\"itemListElement\":[{\"@type\":\"ListItem\",\"position\":1,\"name\":\"Portada\",\"item\":\"https:\/\/wedo-studio.com\/esp\/\"},{\"@type\":\"ListItem\",\"position\":2,\"name\":\"Contacto\"}]},{\"@type\":\"WebSite\",\"@id\":\"https:\/\/wedo-studio.com\/esp\/#website\",\"url\":\"https:\/\/wedo-studio.com\/esp\/\",\"name\":\"WEDO Studio\",\"description\":\"Dise\u00f1o Arquitect\u00f3nico Comercial | Gesti\u00f3n y Producci\u00f3n BIM | Renders &amp; Animaciones 3D\",\"potentialAction\":[{\"@type\":\"SearchAction\",\"target\":{\"@type\":\"EntryPoint\",\"urlTemplate\":\"https:\/\/wedo-studio.com\/esp\/?s={search_term_string}\"},\"query-input\":{\"@type\":\"PropertyValueSpecification\",\"valueRequired\":true,\"valueName\":\"search_term_string\"}}],\"inLanguage\":\"es\"}]}<\/script>\n<!-- \/ Yoast SEO plugin. -->","yoast_head_json":{"title":"Contacto - WEDO Studio","robots":{"index":"index","follow":"follow","max-snippet":"max-snippet:-1","max-image-preview":"max-image-preview:large","max-video-preview":"max-video-preview:-1"},"canonical":"https:\/\/wedo-studio.com\/esp\/contacto\/","og_locale":"es_ES","og_type":"article","og_title":"Contacto - WEDO Studio","og_description":"[vc_row row_content_width=\u00bbgrid\u00bb][vc_column offset=\u00bbvc_col-lg-6 vc_col-md-6&#8243; css=\u00bb.vc_custom_1554194794415{padding-right: 0px !important;}\u00bb][vc_empty_space height=\u00bb64px\u00bb][vc_empty_space height=\u00bb64px\u00bb][\/vc_column][\/vc_row][vc_row row_content_width=\u00bbgrid\u00bb][vc_column offset=\u00bbvc_col-lg-6 vc_col-md-6&#8243; css=\u00bb.vc_custom_1554194794415{padding-right: 0px !important;}\u00bb][vc_empty_space][\/vc_column][vc_column offset=\u00bbvc_col-lg-6 vc_col-md-6&#8243;][\/vc_column][\/vc_row]","og_url":"https:\/\/wedo-studio.com\/esp\/contacto\/","og_site_name":"WEDO Studio","article_modified_time":"2025-08-29T14:59:44+00:00","twitter_card":"summary_large_image","twitter_misc":{"Tiempo de lectura":"1 minuto"},"schema":{"@context":"https:\/\/schema.org","@graph":[{"@type":"WebPage","@id":"https:\/\/wedo-studio.com\/esp\/contacto\/","url":"https:\/\/wedo-studio.com\/esp\/contacto\/","name":"Contacto - WEDO Studio","isPartOf":{"@id":"https:\/\/wedo-studio.com\/esp\/#website"},"datePublished":"2019-03-04T14:40:42+00:00","dateModified":"2025-08-29T14:59:44+00:00","breadcrumb":{"@id":"https:\/\/wedo-studio.com\/esp\/contacto\/#breadcrumb"},"inLanguage":"es","potentialAction":[{"@type":"ReadAction","target":["https:\/\/wedo-studio.com\/esp\/contacto\/"]}]},{"@type":"BreadcrumbList","@id":"https:\/\/wedo-studio.com\/esp\/contacto\/#breadcrumb","itemListElement":[{"@type":"ListItem","position":1,"name":"Portada","item":"https:\/\/wedo-studio.com\/esp\/"},{"@type":"ListItem","position":2,"name":"Contacto"}]},{"@type":"WebSite","@id":"https:\/\/wedo-studio.com\/esp\/#website","url":"https:\/\/wedo-studio.com\/esp\/","name":"WEDO Studio","description":"Dise\u00f1o Arquitect\u00f3nico Comercial | Gesti\u00f3n y Producci\u00f3n BIM | Renders &amp; Animaciones 3D","potentialAction":[{"@type":"SearchAction","target":{"@type":"EntryPoint","urlTemplate":"https:\/\/wedo-studio.com\/esp\/?s={search_term_string}"},"query-input":{"@type":"PropertyValueSpecification","valueRequired":true,"valueName":"search_term_string"}}],"inLanguage":"es"}]}},"_links":{"self":[{"href":"https:\/\/wedo-studio.com\/esp\/wp-json\/wp\/v2\/pages\/461","targetHints":{"allow":["GET"]}}],"collection":[{"href":"https:\/\/wedo-studio.com\/esp\/wp-json\/wp\/v2\/pages"}],"about":[{"href":"https:\/\/wedo-studio.com\/esp\/wp-json\/wp\/v2\/types\/page"}],"author":[{"embeddable":true,"href":"https:\/\/wedo-studio.com\/esp\/wp-json\/wp\/v2\/users\/2"}],"replies":[{"embeddable":true,"href":"https:\/\/wedo-studio.com\/esp\/wp-json\/wp\/v2\/comments?post=461"}],"version-history":[{"count":29,"href":"https:\/\/wedo-studio.com\/esp\/wp-json\/wp\/v2\/pages\/461\/revisions"}],"predecessor-version":[{"id":4713,"href":"https:\/\/wedo-studio.com\/esp\/wp-json\/wp\/v2\/pages\/461\/revisions\/4713"}],"wp:attachment":[{"href":"https:\/\/wedo-studio.com\/esp\/wp-json\/wp\/v2\/media?parent=461"}],"curies":[{"name":"wp","href":"https:\/\/api.w.org\/{rel}","templated":true}]}}